{"id":4627,"date":"2026-01-05T15:13:53","date_gmt":"2026-01-05T20:13:53","guid":{"rendered":"https:\/\/www.movidelnor.gob.ec\/web\/webepm\/?page_id=4627"},"modified":"2026-01-14T11:01:21","modified_gmt":"2026-01-14T16:01:21","slug":"emision-primera-vez-menaje-casa","status":"publish","type":"page","link":"https:\/\/movidelnor.gob.ec\/web\/webepm\/emision-primera-vez-menaje-casa\/","title":{"rendered":"Emisi\u00f3n Primera vez Veh\u00edculos por menaje de casa"},"content":{"rendered":"\t\t<div data-elementor-type=\"wp-page\" data-elementor-id=\"4627\" class=\"elementor elementor-4627\" data-elementor-post-type=\"page\">\n\t\t\t\t<div class=\"elementor-element elementor-element-01a44f3 e-flex e-con-boxed e-con e-parent\" data-id=\"01a44f3\" data-element_type=\"container\" data-e-type=\"container\" data-settings=\"{&quot;background_background&quot;:&quot;classic&quot;}\">\n\t\t\t\t\t<div class=\"e-con-inner\">\n\t\t<div class=\"elementor-element elementor-element-fd179df e-con-full e-grid e-con e-child\" data-id=\"fd179df\" data-element_type=\"container\" data-e-type=\"container\">\n\t\t\t\t<div class=\"elementor-element elementor-element-868152f elementor-widget elementor-widget-heading\" data-id=\"868152f\" data-element_type=\"widget\" data-e-type=\"widget\" data-widget_type=\"heading.default\">\n\t\t\t\t\t<h2 class=\"elementor-heading-title elementor-size-default\">EMISI\u00d3N POR PRIMERA VEZ DE VEH\u00cdCULOS POR MENAJE DE CASA\n<\/h2>\t\t\t\t<\/div>\n\t\t\t\t<\/div>\n\t\t\t\t\t<\/div>\n\t\t\t\t<\/div>\n\t\t<div class=\"elementor-element elementor-element-7fd84e1 e-con-full e-flex e-con e-parent\" data-id=\"7fd84e1\" data-element_type=\"container\" data-e-type=\"container\" data-settings=\"{&quot;background_background&quot;:&quot;classic&quot;}\">\n\t\t\t\t<div class=\"elementor-element elementor-element-ceb22d1 elementor-widget elementor-widget-elementskit-heading\" data-id=\"ceb22d1\" data-element_type=\"widget\" data-e-type=\"widget\" data-widget_type=\"elementskit-heading.default\">\n\t\t\t\t\t<div class=\"ekit-wid-con\" ><div class=\"ekit-heading elementskit-section-title-wraper text_center   ekit_heading_tablet-   ekit_heading_mobile-\"><h2 class=\"ekit-heading--title elementskit-section-title \">Pasos a seguir:<\/h2><div class=\"ekit_heading_separetor_wraper ekit_heading_elementskit-border-divider elementskit-style-long\"><div class=\"elementskit-border-divider elementskit-style-long\"><\/div><\/div><\/div><\/div>\t\t\t\t<\/div>\n\t\t\t\t<div class=\"elementor-element elementor-element-165f264 elementor-widget elementor-widget-text-editor\" data-id=\"165f264\" data-element_type=\"widget\" data-e-type=\"widget\" data-widget_type=\"text-editor.default\">\n\t\t\t\t\t\t\t\t\t<div class=\"box\">\n<div class=\"step\">\n<div class=\"step-num\">1<\/div>\n<div>Resoluci\u00f3n <strong>original<\/strong> emitida por <strong>SENAE<\/strong>,\ncon sello y firma originales.<\/div>\n<\/div>\n<div class=\"step\">\n<div class=\"step-num\">2<\/div>\n<div>Realizar actualizaci\u00f3n de datos personales en las oficinas de\natenci\u00f3n al cliente de <strong>MOVIDELNOR<\/strong> presentando cedula y papeleta de votacion original.<\/div>\n<\/div>\n<div class=\"step\">\n<div class=\"step-num\">3<\/div>\n<div>Pago de matr\u00edcula <strong>original<\/strong> del <strong>SRI<\/strong>\nrealizar el pago en el <strong>Banco del Pac\u00edfico<\/strong> o puntos autorizados.<\/div>\n<\/div>\n<div class=\"step\">\n<div class=\"step-num\">4<\/div>\n<div>\n\n<strong>Pagos municipales seg\u00fan el cant\u00f3n:<\/strong>\n<ul>\n \t<li><strong>Ibarra:<\/strong> Certificado de no adeudar al\n<strong>SISMERT<\/strong> (Municipio de Ibarra).<\/li>\n \t<li><strong>Mont\u00fafar:<\/strong> Pago al cuerpo de bomberos\n(validaci\u00f3n f\u00edsica, no electr\u00f3nica).<\/li>\n<\/ul>\n<\/div>\n<\/div>\n<div class=\"step\">\n<div class=\"step-num\">5<\/div>\n<div>\n\n<strong>Documentaci\u00f3n personal<\/strong> (copias a color):\n<ul>\n \t<li>C\u00e9dula de identidad.<\/li>\n \t<li>Papeleta de votaci\u00f3n.<\/li>\n \t<li>Carnet de discapacidad (si aplica).<\/li>\n<\/ul>\n<\/div>\n<\/div>\n<div class=\"step\">\n<div class=\"step-num\">6<\/div>\n<div>Improntas <strong>certificadas<\/strong> por la casa comercial del veh\u00edculo.<\/div>\n<\/div>\n<div class=\"step\">\n<div class=\"step-num\">6<\/div>\n<div>Homologaci\u00f3n Vehicular ANT.<\/div>\n<\/div>\n<div class=\"step\">\n<div class=\"step-num\">7<\/div>\n<div>\n\nPago por placas <strong>(original)<\/strong>:\n<ul>\n \t<li><strong>$23<\/strong> para veh\u00edculos.<\/li>\n \t<li><strong>$13<\/strong> para motocicletas.<\/li>\n<\/ul>\n<\/div>\n<\/div>\n<div class=\"step\">\n<div class=\"step-num\">8<\/div>\n<div>Orden de pago por emisi\u00f3n por primera vez (generada en <strong>MOVIDELNOR<\/strong>)\ny comprobante de pago <strong>original<\/strong>.\n<ul>\n \t<li>km 1001 veh\u00edculo tiene que aprobar RTV<\/li>\n<\/ul>\n<\/div>\n<\/div>\n<div class=\"step\">\n<div class=\"step-num\">4<\/div>\n<div>Consultar infracciones o coactivas en\n<strong>MOVIDELNOR<\/strong> y <strong>ANT<\/strong> utilizando\nc\u00e9dula del propietario .En caso de existir valores pendientes, deber\u00e1n ser\n<strong>cancelados en el Banco del Pac\u00edfico<\/strong>.<\/div>\n<\/div>\n<!-- AUTORIZACI\u00d3N -->\n<h3>Quien Puede realizar el tr\u00e1mite:<\/h3>\n<!-- PERSONA NATURAL -->\n<div class=\"accordion-header active\" data-accordion=\"natural\">Persona Natural<\/div>\n<div id=\"accordion-natural\" class=\"accordion-content open\"style=\"display:block;\">\n<div class=\"list\">\n<ul>\n \t<li>Familiar en primer grado de consanguinidad o afinidad: presentando cedula y papeleta de votaci\u00f3n original .<\/li>\n<\/ul>\n<\/div>\n<\/div>\n<div class=\"note\"><strong>Importante sobre documentos con firma electr\u00f3nica:<\/strong>\nTodo documento firmado electr\u00f3nicamente debe enviarse al correo:\n<strong>digitacion@reviplus.com<\/strong><\/div>\n<\/div>\n<script>\n(function () {\n  document.querySelectorAll('.accordion-header').forEach(header => {\n    header.addEventListener('click', () => {\n      header.classList.toggle('active');\n      const content = header.nextElementSibling;\n      if (!content) return;\n      content.style.display =\n        content.style.display === 'block' ? 'none' : 'block';\n    });\n  });\n})();\n<\/script>\t\t\t\t\t\t\t\t<\/div>\n\t\t\t\t<\/div>\n\t\t\t\t<\/div>\n\t\t","protected":false},"excerpt":{"rendered":"<p>EMISI\u00d3N POR PRIMERA VEZ DE VEH\u00cdCULOS POR MENAJE DE CASA Pasos a seguir: 1 Resoluci\u00f3n original emitida por SENAE, con sello y firma originales. 2 Realizar actualizaci\u00f3n de datos personales en las oficinas de atenci\u00f3n al cliente de MOVIDELNOR presentando cedula y papeleta de votacion original. 3 Pago de matr\u00edcula original del SRI realizar el [&hellip;]<\/p>\n","protected":false},"author":3,"featured_media":0,"parent":0,"menu_order":0,"comment_status":"closed","ping_status":"closed","template":"elementor_header_footer","meta":{"footnotes":""},"class_list":["post-4627","page","type-page","status-publish","hentry"],"aioseo_notices":[],"_links":{"self":[{"href":"https:\/\/movidelnor.gob.ec\/web\/webepm\/wp-json\/wp\/v2\/pages\/4627","targetHints":{"allow":["GET"]}}],"collection":[{"href":"https:\/\/movidelnor.gob.ec\/web\/webepm\/wp-json\/wp\/v2\/pages"}],"about":[{"href":"https:\/\/movidelnor.gob.ec\/web\/webepm\/wp-json\/wp\/v2\/types\/page"}],"author":[{"embeddable":true,"href":"https:\/\/movidelnor.gob.ec\/web\/webepm\/wp-json\/wp\/v2\/users\/3"}],"replies":[{"embeddable":true,"href":"https:\/\/movidelnor.gob.ec\/web\/webepm\/wp-json\/wp\/v2\/comments?post=4627"}],"version-history":[{"count":23,"href":"https:\/\/movidelnor.gob.ec\/web\/webepm\/wp-json\/wp\/v2\/pages\/4627\/revisions"}],"predecessor-version":[{"id":6011,"href":"https:\/\/movidelnor.gob.ec\/web\/webepm\/wp-json\/wp\/v2\/pages\/4627\/revisions\/6011"}],"wp:attachment":[{"href":"https:\/\/movidelnor.gob.ec\/web\/webepm\/wp-json\/wp\/v2\/media?parent=4627"}],"curies":[{"name":"wp","href":"https:\/\/api.w.org\/{rel}","templated":true}]}}